{"id":7,"date":"2022-05-05T15:47:43","date_gmt":"2022-05-05T15:47:43","guid":{"rendered":"https:\/\/startertemplatecloud.com\/g23\/?page_id=7"},"modified":"2026-04-13T16:39:27","modified_gmt":"2026-04-13T14:39:27","slug":"home","status":"publish","type":"page","link":"https:\/\/nemis-ms.de\/","title":{"rendered":"Home"},"content":{"rendered":"<style>.kb-row-layout-id7_6a3013-15 > .kt-row-column-wrap{align-content:start;}:where(.kb-row-layout-id7_6a3013-15 > .kt-row-column-wrap) > .wp-block-kadence-column{justify-content:start;}.kb-row-layout-id7_6a3013-15 > .kt-row-column-wrap{column-gap:var(--global-kb-gap-md, 2rem);row-gap:var(--global-kb-gap-md, 2rem);max-width:900px;margin-left:auto;margin-right:auto;padding-top:100px;padding-right:20px;padding-bottom:100px;padding-left:20px;grid-template-columns:minmax(0, 1fr);}.kb-row-layout-id7_6a3013-15{background-image:url('https:\/\/nemis-ms.de\/wp-content\/uploads\/2025\/01\/Design-ohne-Titel.jpg');background-size:cover;background-position:91% 72%;background-attachment:scroll;background-repeat:no-repeat;}.kb-row-layout-id7_6a3013-15 > .kt-row-layout-overlay{opacity:0.30;}@media all and (max-width: 1024px){.kb-row-layout-id7_6a3013-15 > .kt-row-column-wrap{padding-top:60px;padding-right:30px;padding-bottom:60px;padding-left:30px;grid-template-columns:minmax(0, 1fr);}}@media all and (max-width: 767px){.kb-row-layout-id7_6a3013-15 > .kt-row-column-wrap{padding-top:40px;padding-right:20px;padding-bottom:40px;padding-left:20px;grid-template-columns:minmax(0, 1fr);}}<\/style><div class=\"kb-row-layout-wrap kb-row-layout-id7_6a3013-15 alignnone kt-row-has-bg wp-block-kadence-rowlayout\"><div class=\"kt-row-column-wrap kt-has-1-columns kt-row-layout-equal kt-tab-layout-inherit kt-mobile-layout-row kt-row-valign-top\">\n<style>.kadence-column7_679fa0-cd > .kt-inside-inner-col,.kadence-column7_679fa0-cd > .kt-inside-inner-col:before{border-top-left-radius:0px;border-top-right-radius:0px;border-bottom-right-radius:0px;border-bottom-left-radius:0px;}.kadence-column7_679fa0-cd > .kt-inside-inner-col{column-gap:var(--global-kb-gap-sm, 1rem);}.kadence-column7_679fa0-cd > .kt-inside-inner-col{flex-direction:column;}.kadence-column7_679fa0-cd > .kt-inside-inner-col > .aligncenter{width:100%;}.kadence-column7_679fa0-cd > .kt-inside-inner-col:before{opacity:0.3;}.kadence-column7_679fa0-cd{position:relative;}@media all and (max-width: 1024px){.kadence-column7_679fa0-cd > .kt-inside-inner-col{flex-direction:column;justify-content:center;}}@media all and (max-width: 767px){.kadence-column7_679fa0-cd > .kt-inside-inner-col{flex-direction:column;justify-content:center;}}<\/style>\n<div class=\"wp-block-kadence-column kadence-column7_679fa0-cd inner-column-1\"><div class=\"kt-inside-inner-col\"><style>.wp-block-kadence-advancedheading.kt-adv-heading7_ee1d54-1f, .wp-block-kadence-advancedheading.kt-adv-heading7_ee1d54-1f[data-kb-block=\"kb-adv-heading7_ee1d54-1f\"]{text-align:center;font-size:60px;line-height:68px;font-weight:700;font-style:normal;font-family:Jost;text-transform:none;}.wp-block-kadence-advancedheading.kt-adv-heading7_ee1d54-1f mark.kt-highlight, .wp-block-kadence-advancedheading.kt-adv-heading7_ee1d54-1f[data-kb-block=\"kb-adv-heading7_ee1d54-1f\"] mark.kt-highlight{font-style:normal;color:#f76a0c;-webkit-box-decoration-break:clone;box-decoration-break:clone;padding-top:0px;padding-right:0px;padding-bottom:0px;padding-left:0px;}.wp-block-kadence-advancedheading.kt-adv-heading7_ee1d54-1f img.kb-inline-image, .wp-block-kadence-advancedheading.kt-adv-heading7_ee1d54-1f[data-kb-block=\"kb-adv-heading7_ee1d54-1f\"] img.kb-inline-image{width:150px;vertical-align:baseline;}@media all and (max-width: 767px){.wp-block-kadence-advancedheading.kt-adv-heading7_ee1d54-1f, .wp-block-kadence-advancedheading.kt-adv-heading7_ee1d54-1f[data-kb-block=\"kb-adv-heading7_ee1d54-1f\"]{font-size:40px;line-height:48px;}}<\/style>\n<h1 class=\"kt-adv-heading7_ee1d54-1f wp-block-kadence-advancedheading\" data-kb-block=\"kb-adv-heading7_ee1d54-1f\">Gleichberechtigte gesellschaftliche Teilhabe von Menschen<\/h1>\n\n\n<style>.wp-block-kadence-advancedheading.kt-adv-heading7_66aba8-af, .wp-block-kadence-advancedheading.kt-adv-heading7_66aba8-af[data-kb-block=\"kb-adv-heading7_66aba8-af\"]{text-align:center;font-style:normal;}.wp-block-kadence-advancedheading.kt-adv-heading7_66aba8-af mark.kt-highlight, .wp-block-kadence-advancedheading.kt-adv-heading7_66aba8-af[data-kb-block=\"kb-adv-heading7_66aba8-af\"] mark.kt-highlight{font-style:normal;color:#f76a0c;-webkit-box-decoration-break:clone;box-decoration-break:clone;padding-top:0px;padding-right:0px;padding-bottom:0px;padding-left:0px;}.wp-block-kadence-advancedheading.kt-adv-heading7_66aba8-af img.kb-inline-image, .wp-block-kadence-advancedheading.kt-adv-heading7_66aba8-af[data-kb-block=\"kb-adv-heading7_66aba8-af\"] img.kb-inline-image{width:150px;vertical-align:baseline;}<\/style>\n<p class=\"kt-adv-heading7_66aba8-af wp-block-kadence-advancedheading\" data-kb-block=\"kb-adv-heading7_66aba8-af\">Netzwerke von Migranten, Initiativen und Selbsthilfeorganisationen<br><strong>Verbund in M\u00fcnster und M\u00fcnsterland<\/strong><\/p>\n<\/div><\/div>\n\n<\/div><\/div>\n\n<style>.kadence-column7_7b181f-72 > .kt-inside-inner-col{padding-top:40px;padding-right:50px;padding-bottom:50px;padding-left:50px;}.kadence-column7_7b181f-72 > .kt-inside-inner-col,.kadence-column7_7b181f-72 > .kt-inside-inner-col:before{border-top-left-radius:0px;border-top-right-radius:0px;border-bottom-right-radius:0px;border-bottom-left-radius:0px;}.kadence-column7_7b181f-72 > .kt-inside-inner-col{column-gap:var(--global-kb-gap-sm, 1rem);}.kadence-column7_7b181f-72 > .kt-inside-inner-col{flex-direction:column;}.kadence-column7_7b181f-72 > .kt-inside-inner-col > .aligncenter{width:100%;}.kadence-column7_7b181f-72 > .kt-inside-inner-col{background-color:var(--global-palette9, #ffffff);}.kadence-column7_7b181f-72 > .kt-inside-inner-col:before{opacity:0.3;}.kadence-column7_7b181f-72{position:relative;}@media all and (max-width: 1024px){.kadence-column7_7b181f-72 > .kt-inside-inner-col{flex-direction:column;justify-content:center;}}@media all and (max-width: 767px){.kadence-column7_7b181f-72 > .kt-inside-inner-col{padding-top:40px;padding-right:20px;padding-bottom:20px;padding-left:20px;flex-direction:column;justify-content:center;}}<\/style>\n<div class=\"wp-block-kadence-column kadence-column7_7b181f-72 inner-column-1\"><div class=\"kt-inside-inner-col\"><style>.wp-block-kadence-advancedheading.kt-adv-heading7_d76dc9-98, .wp-block-kadence-advancedheading.kt-adv-heading7_d76dc9-98[data-kb-block=\"kb-adv-heading7_d76dc9-98\"]{padding-bottom:0px;margin-top:-20px;margin-bottom:20px;text-align:center;font-size:150px;line-height:10px;font-style:normal;}.wp-block-kadence-advancedheading.kt-adv-heading7_d76dc9-98 mark.kt-highlight, .wp-block-kadence-advancedheading.kt-adv-heading7_d76dc9-98[data-kb-block=\"kb-adv-heading7_d76dc9-98\"] mark.kt-highlight{font-style:normal;color:#f76a0c;-webkit-box-decoration-break:clone;box-decoration-break:clone;padding-top:0px;padding-right:0px;padding-bottom:0px;padding-left:0px;}.wp-block-kadence-advancedheading.kt-adv-heading7_d76dc9-98 img.kb-inline-image, .wp-block-kadence-advancedheading.kt-adv-heading7_d76dc9-98[data-kb-block=\"kb-adv-heading7_d76dc9-98\"] img.kb-inline-image{width:150px;vertical-align:baseline;}@media all and (max-width: 767px){.wp-block-kadence-advancedheading.kt-adv-heading7_d76dc9-98, .wp-block-kadence-advancedheading.kt-adv-heading7_d76dc9-98[data-kb-block=\"kb-adv-heading7_d76dc9-98\"]{font-size:100px;line-height:1px;}}<\/style>\n<h1 class=\"kt-adv-heading7_d76dc9-98 wp-block-kadence-advancedheading has-theme-palette-1-color has-text-color\" data-kb-block=\"kb-adv-heading7_d76dc9-98\"><em>\u201c<\/em><\/h1>\n\n\n<style>.wp-block-kadence-advancedheading.kt-adv-heading7_156b40-f0, .wp-block-kadence-advancedheading.kt-adv-heading7_156b40-f0[data-kb-block=\"kb-adv-heading7_156b40-f0\"]{text-align:center;font-size:28px;font-weight:400;font-style:normal;font-family:Jost;}.wp-block-kadence-advancedheading.kt-adv-heading7_156b40-f0 mark.kt-highlight, .wp-block-kadence-advancedheading.kt-adv-heading7_156b40-f0[data-kb-block=\"kb-adv-heading7_156b40-f0\"] mark.kt-highlight{font-style:normal;color:#f76a0c;-webkit-box-decoration-break:clone;box-decoration-break:clone;padding-top:0px;padding-right:0px;padding-bottom:0px;padding-left:0px;}.wp-block-kadence-advancedheading.kt-adv-heading7_156b40-f0 img.kb-inline-image, .wp-block-kadence-advancedheading.kt-adv-heading7_156b40-f0[data-kb-block=\"kb-adv-heading7_156b40-f0\"] img.kb-inline-image{width:150px;vertical-align:baseline;}@media all and (max-width: 767px){.wp-block-kadence-advancedheading.kt-adv-heading7_156b40-f0, .wp-block-kadence-advancedheading.kt-adv-heading7_156b40-f0[data-kb-block=\"kb-adv-heading7_156b40-f0\"]{font-size:20px;}}<\/style>\n<p class=\"kt-adv-heading7_156b40-f0 wp-block-kadence-advancedheading\" data-kb-block=\"kb-adv-heading7_156b40-f0\">Die gleichberechtigte gesellschaftliche Teilhabe von Menschen, die von Rassismus betroffen sind, erfordert umfassende Ma\u00dfnahmen zur Bek\u00e4mpfung struktureller Diskriminierung, F\u00f6rderung von Chancengleichheit und Unterst\u00fctzung inklusiver Bildung. Es ist wichtig, interkulturelle Dialoge zu f\u00fchren, um Vorurteile abzubauen, sowie gezielte politische Initiativen und Programme zu implementieren, die Marginalisierte st\u00e4rken und ihre Stimmen in Entscheidungsprozesse einbeziehen. Nur durch die Schaffung eines respektvollen und diversit\u00e4tsfreundlichen Umfelds k\u00f6nnen wir eine Gesellschaft erreichen, in der alle Menschen unabh\u00e4ngig von ihrer Herkunft gleichberechtigt und aktiv teilnehmen k\u00f6nnen.<\/p>\n\n\n<style>.wp-block-kadence-advancedheading.kt-adv-heading7_31da09-df, .wp-block-kadence-advancedheading.kt-adv-heading7_31da09-df[data-kb-block=\"kb-adv-heading7_31da09-df\"]{text-align:center;font-style:normal;}.wp-block-kadence-advancedheading.kt-adv-heading7_31da09-df mark.kt-highlight, .wp-block-kadence-advancedheading.kt-adv-heading7_31da09-df[data-kb-block=\"kb-adv-heading7_31da09-df\"] mark.kt-highlight{font-style:normal;color:#f76a0c;-webkit-box-decoration-break:clone;box-decoration-break:clone;padding-top:0px;padding-right:0px;padding-bottom:0px;padding-left:0px;}.wp-block-kadence-advancedheading.kt-adv-heading7_31da09-df img.kb-inline-image, .wp-block-kadence-advancedheading.kt-adv-heading7_31da09-df[data-kb-block=\"kb-adv-heading7_31da09-df\"] img.kb-inline-image{width:150px;vertical-align:baseline;}<\/style>\n<p class=\"kt-adv-heading7_31da09-df wp-block-kadence-advancedheading\" data-kb-block=\"kb-adv-heading7_31da09-df\">\u2014 NeMIS e.V.<\/p>\n<\/div><\/div>\n\n\n<style>.kb-row-layout-id7_b1fb62-c6 > .kt-row-column-wrap{align-content:start;}:where(.kb-row-layout-id7_b1fb62-c6 > .kt-row-column-wrap) > .wp-block-kadence-column{justify-content:start;}.kb-row-layout-id7_b1fb62-c6 > .kt-row-column-wrap{column-gap:var(--global-kb-gap-md, 2rem);row-gap:var(--global-kb-gap-md, 2rem);max-width:1200px;margin-left:auto;margin-right:auto;padding-top:79px;padding-right:100px;padding-bottom:80px;padding-left:100px;grid-template-columns:minmax(0, 1fr);}.kb-row-layout-id7_b1fb62-c6 > .kt-row-layout-overlay{opacity:0.30;}@media all and (max-width: 1024px){.kb-row-layout-id7_b1fb62-c6 > .kt-row-column-wrap{padding-top:60px;padding-right:30px;padding-bottom:60px;padding-left:30px;grid-template-columns:minmax(0, 1fr);}}@media all and (max-width: 767px){.kb-row-layout-id7_b1fb62-c6 > .kt-row-column-wrap{padding-top:40px;padding-right:30px;padding-bottom:40px;padding-left:30px;grid-template-columns:minmax(0, 1fr);}}<\/style><div class=\"kb-row-layout-wrap kb-row-layout-id7_b1fb62-c6 alignnone wp-block-kadence-rowlayout\"><div class=\"kt-row-column-wrap kt-has-1-columns kt-row-layout-equal kt-tab-layout-inherit kt-mobile-layout-row kt-row-valign-top\">\n<style>.kadence-column7_7dcd5e-e5 > .kt-inside-inner-col,.kadence-column7_7dcd5e-e5 > .kt-inside-inner-col:before{border-top-left-radius:0px;border-top-right-radius:0px;border-bottom-right-radius:0px;border-bottom-left-radius:0px;}.kadence-column7_7dcd5e-e5 > .kt-inside-inner-col{column-gap:var(--global-kb-gap-sm, 1rem);}.kadence-column7_7dcd5e-e5 > .kt-inside-inner-col{flex-direction:column;}.kadence-column7_7dcd5e-e5 > .kt-inside-inner-col > .aligncenter{width:100%;}.kadence-column7_7dcd5e-e5 > .kt-inside-inner-col:before{opacity:0.3;}.kadence-column7_7dcd5e-e5{position:relative;}@media all and (max-width: 1024px){.kadence-column7_7dcd5e-e5 > .kt-inside-inner-col{flex-direction:column;justify-content:center;}}@media all and (max-width: 767px){.kadence-column7_7dcd5e-e5 > .kt-inside-inner-col{flex-direction:column;justify-content:center;}}<\/style>\n<div class=\"wp-block-kadence-column kadence-column7_7dcd5e-e5 inner-column-1\"><div class=\"kt-inside-inner-col\">\n<p><strong>NeMIS e. V.<\/strong>&nbsp;versteht sich als ein Zusammenschluss von Organisationen, zivilgesellschaftliche Akteur*innen und Personen, die sich f\u00fcr eine gleichberechtigte gesellschaftliche Teilhabe von Menschen engagieren. NeMIS e. V. ist gemeinn\u00fctzig, demokratisch in der Struktur, politisch unabh\u00e4ngig, interkulturell, s\u00e4kular, sprach- und herkunfts\u00fcbergreifend. <\/p>\n\n\n\n<p>Ziele des Vereins gem\u00e4\u00df der Satzung sind u.a.: die Entwicklung von wirksamen Konzepten und Programmen, Unterst\u00fctzung hilfsbed\u00fcrftiger Personen, um die Teilnahme aller Menschen am Gesellschaftsleben zu erreichen.&nbsp;&nbsp;<\/p>\n\n\n\n<p>Die F\u00f6rderung der Ehrenamtsarbeit f\u00fcr vulnerable Menschengruppen wie Gefl\u00fcchtete hat insbesondere einen hohen Stellenwert in der Vereinsarbeit. Rassismuskritik und Schutz der Getroffenen sind u. a. weitere Arbeitsschwerpunkte des Vereins. Hier setzt sich NeMIS mit den Ursachen, Wirkungen und Folgen des Rassismus, Antisemitismus und aller Diskriminierungsformen auseinander. NeMIS e. V. wurde im Jahre 2021 gegr\u00fcndet.&nbsp;<\/p>\n<\/div><\/div>\n\n<\/div><\/div>\n\n<style>.wp-block-kadence-advancedheading.kt-adv-heading7_fb3f07-fc, .wp-block-kadence-advancedheading.kt-adv-heading7_fb3f07-fc[data-kb-block=\"kb-adv-heading7_fb3f07-fc\"]{font-style:normal;}.wp-block-kadence-advancedheading.kt-adv-heading7_fb3f07-fc mark.kt-highlight, .wp-block-kadence-advancedheading.kt-adv-heading7_fb3f07-fc[data-kb-block=\"kb-adv-heading7_fb3f07-fc\"] mark.kt-highlight{font-style:normal;color:#f76a0c;-webkit-box-decoration-break:clone;box-decoration-break:clone;padding-top:0px;padding-right:0px;padding-bottom:0px;padding-left:0px;}.wp-block-kadence-advancedheading.kt-adv-heading7_fb3f07-fc img.kb-inline-image, .wp-block-kadence-advancedheading.kt-adv-heading7_fb3f07-fc[data-kb-block=\"kb-adv-heading7_fb3f07-fc\"] img.kb-inline-image{width:150px;vertical-align:baseline;}<\/style>\n<h1 class=\"kt-adv-heading7_fb3f07-fc wp-block-kadence-advancedheading\" data-kb-block=\"kb-adv-heading7_fb3f07-fc\"><strong>Das &nbsp;Projekt weact ist &nbsp;f\u00fcr die F\u00f6rderperiode 2026 \u2013 2028 fortgesetzt.<\/strong><\/h1>\n\n\n<style>.wp-block-kadence-advancedgallery .kb-gallery-type-masonry.kb-gallery-id-7_f9177b-82{margin:-5px;}.kb-gallery-type-masonry.kb-gallery-id-7_f9177b-82 .kadence-blocks-gallery-item{padding:5px;}.kb-gallery-id-7_f9177b-82 .kadence-blocks-gallery-item .kb-gal-image-radius, .kb-gallery-id-7_f9177b-82 .kb-slide-item .kb-gal-image-radius img{border-radius:0px 0px 0px 0px;;}<\/style><div class=\"kb-gallery-wrap-id-7_f9177b-82 alignfull alignfull wp-block-kadence-advancedgallery\"><ul class=\"kb-gallery-ul kb-gallery-non-static kb-gallery-type-masonry kb-masonry-init kb-gallery-id-7_f9177b-82 kb-gallery-caption-style-bottom-hover kb-gallery-filter-none\" data-image-filter=\"none\" data-item-selector=\".kadence-blocks-gallery-item\" data-lightbox-caption=\"true\" data-columns-xxl=\"3\" data-columns-xl=\"3\" data-columns-md=\"3\" data-columns-sm=\"2\" data-columns-xs=\"1\" data-columns-ss=\"1\"><li class=\"kadence-blocks-gallery-item\" tabindex=\"0\"><div class=\"kadence-blocks-gallery-item-inner\"><figure class=\"kb-gallery-figure kadence-blocks-gallery-item-hide-caption\"><div class=\"kb-gal-image-radius\" style=\"max-width:400px;\"><div class=\"kb-gallery-image-contain kadence-blocks-gallery-intrinsic\" style=\"padding-bottom:50%;\"><img loading=\"lazy\" decoding=\"async\" src=\"https:\/\/nemis-ms.de\/wp-content\/uploads\/2026\/04\/Untitled-design-2.png\" width=\"400\" height=\"200\" alt=\"\" data-full-image=\"https:\/\/nemis-ms.de\/wp-content\/uploads\/2026\/04\/Untitled-design-2.png\" data-light-image=\"https:\/\/nemis-ms.de\/wp-content\/uploads\/2026\/04\/Untitled-design-2.png\" data-id=\"1495\" class=\"wp-image-1495\" srcset=\"https:\/\/nemis-ms.de\/wp-content\/uploads\/2026\/04\/Untitled-design-2.png 400w, https:\/\/nemis-ms.de\/wp-content\/uploads\/2026\/04\/Untitled-design-2-300x150.png 300w\" sizes=\"auto, (max-width: 400px) 100vw, 400px\" \/><\/div><\/div><\/figure><\/div><\/li><\/ul><\/div>\n\n\n<p>Gesch\u00e4ftsstelle |An den Speichern 4a &#8211; 48157 M\u00fcnster \u2013Telefon: +49 251 239 76 827 &#8211; Mobil: +49 1773106236 &#8211; Fax: +49 251 239 76 828<br>E-Mail: <a href=\"mailto:info@nemis-ms.de\">info@nemis-ms.de<\/a> \u2013 Web <a href=\"http:\/\/www.nemis-ms.de\">www.nemis-ms.de<\/a> | Instagram: @nemise.v | Facebook: Nemis-MS e.V<\/p>\n\n\n<style>.kb-row-layout-id7_405783-b6 > .kt-row-column-wrap{align-content:start;}:where(.kb-row-layout-id7_405783-b6 > .kt-row-column-wrap) > .wp-block-kadence-column{justify-content:start;}.kb-row-layout-id7_405783-b6 > .kt-row-column-wrap{column-gap:var(--global-kb-gap-none, 0rem );row-gap:var(--global-kb-gap-md, 2rem);max-width:1200px;margin-left:auto;margin-right:auto;padding-top:40px;padding-right:20px;padding-bottom:80px;padding-left:20px;grid-template-columns:repeat(2, minmax(0, 1fr));}.kb-row-layout-id7_405783-b6 > .kt-row-layout-overlay{opacity:0.30;}@media all and (max-width: 1024px){.kb-row-layout-id7_405783-b6 > .kt-row-column-wrap{padding-top:30px;padding-right:30px;padding-bottom:60px;padding-left:30px;grid-template-columns:minmax(0, 1fr);}}@media all and (max-width: 767px){.kb-row-layout-id7_405783-b6 > .kt-row-column-wrap{padding-top:40px;padding-right:30px;padding-bottom:40px;padding-left:30px;grid-template-columns:minmax(0, 1fr);}}<\/style><div class=\"kb-row-layout-wrap kb-row-layout-id7_405783-b6 alignnone wp-block-kadence-rowlayout\" id=\"donate\"><div class=\"kt-row-column-wrap kt-has-2-columns kt-row-layout-equal kt-tab-layout-row kt-mobile-layout-row kt-row-valign-top\">\n<style>.kadence-column7_1d2e2e-28 > .kt-inside-inner-col,.kadence-column7_1d2e2e-28 > .kt-inside-inner-col:before{border-top-left-radius:0px;border-top-right-radius:0px;border-bottom-right-radius:0px;border-bottom-left-radius:0px;}.kadence-column7_1d2e2e-28 > .kt-inside-inner-col{column-gap:var(--global-kb-gap-sm, 1rem);}.kadence-column7_1d2e2e-28 > .kt-inside-inner-col{flex-direction:column;}.kadence-column7_1d2e2e-28 > .kt-inside-inner-col > .aligncenter{width:100%;}.kadence-column7_1d2e2e-28 > .kt-inside-inner-col:before{opacity:0.3;}.kadence-column7_1d2e2e-28{position:relative;}@media all and (max-width: 1024px){.kadence-column7_1d2e2e-28 > .kt-inside-inner-col{flex-direction:column;justify-content:center;}}@media all and (max-width: 767px){.kadence-column7_1d2e2e-28 > .kt-inside-inner-col{flex-direction:column;justify-content:center;}}<\/style>\n<div class=\"wp-block-kadence-column kadence-column7_1d2e2e-28\"><div class=\"kt-inside-inner-col\"><style>.kadence-column7_7462c9-7d > .kt-inside-inner-col,.kadence-column7_7462c9-7d > .kt-inside-inner-col:before{border-top-left-radius:0px;border-top-right-radius:0px;border-bottom-right-radius:0px;border-bottom-left-radius:0px;}.kadence-column7_7462c9-7d > .kt-inside-inner-col{column-gap:var(--global-kb-gap-sm, 1rem);}.kadence-column7_7462c9-7d > .kt-inside-inner-col{flex-direction:column;}.kadence-column7_7462c9-7d > .kt-inside-inner-col > .aligncenter{width:100%;}.kadence-column7_7462c9-7d > .kt-inside-inner-col:before{opacity:0.3;}.kadence-column7_7462c9-7d{position:relative;}@media all and (max-width: 1024px){.kadence-column7_7462c9-7d > .kt-inside-inner-col{flex-direction:column;justify-content:center;}}@media all and (max-width: 767px){.kadence-column7_7462c9-7d > .kt-inside-inner-col{flex-direction:column;justify-content:center;}}<\/style>\n<div class=\"wp-block-kadence-column kadence-column7_7462c9-7d\"><div class=\"kt-inside-inner-col\">\n<p><strong>NeMIS e.V. <\/strong>vertreten durch Dr. Medard Kabanda<br>Gesch\u00e4ftsstelle | An den Speichern 4a, 48157 M\u00fcnster<br>Tel:  (+49) 251 239 76 827<br>Fax:&nbsp;(+49) 251 239 76 828<br>Email: <a href=\"mailto:info@nemis-ms.de\">info@nemis-ms.de<\/a><\/p>\n<\/div><\/div>\n<\/div><\/div>\n\n\n<style>.kadence-column7_b17a87-67 > .kt-inside-inner-col,.kadence-column7_b17a87-67 > .kt-inside-inner-col:before{border-top-left-radius:0px;border-top-right-radius:0px;border-bottom-right-radius:0px;border-bottom-left-radius:0px;}.kadence-column7_b17a87-67 > .kt-inside-inner-col{column-gap:var(--global-kb-gap-sm, 1rem);}.kadence-column7_b17a87-67 > .kt-inside-inner-col{flex-direction:column;}.kadence-column7_b17a87-67 > .kt-inside-inner-col > .aligncenter{width:100%;}.kadence-column7_b17a87-67 > .kt-inside-inner-col:before{opacity:0.3;}.kadence-column7_b17a87-67{position:relative;}@media all and (max-width: 1024px){.kadence-column7_b17a87-67 > .kt-inside-inner-col{flex-direction:column;justify-content:center;}}@media all and (max-width: 767px){.kadence-column7_b17a87-67 > .kt-inside-inner-col{flex-direction:column;justify-content:center;}}<\/style>\n<div class=\"wp-block-kadence-column kadence-column7_b17a87-67\"><div class=\"kt-inside-inner-col\">\n<p><strong>Beratungs- \/ \u00d6ffnungszeiten<\/strong>:<br>Montag &#8211; 09:00 Uhr und 16:30 Uhr<br>Mittwoch \u2013 09:00 Uhr und 16:30 Uhr<br>Freitag- 09:00 Uhr und 16:30 Uhr<br>Weitere Termine nach Vereinbarung m\u00f6glich<br>Wir sprechen: Deutsch, Franz\u00f6sisch und Englisch<br>Es fallen keine Kosten f\u00fcr die Beratung f\u00fcr dich an.<\/p>\n<\/div><\/div>\n\n<\/div><\/div>\n\n\n<p><\/p>\n\n\n\n<p><\/p>\n","protected":false},"excerpt":{"rendered":"<p>Gleichberechtigte gesellschaftliche Teilhabe von Menschen Netzwerke von Migranten, Initiativen und SelbsthilfeorganisationenVerbund in M\u00fcnster und M\u00fcnsterland \u201c Die gleichberechtigte gesellschaftliche Teilhabe von Menschen, die von Rassismus betroffen sind, erfordert umfassende Ma\u00dfnahmen zur Bek\u00e4mpfung struktureller Diskriminierung, F\u00f6rderung von Chancengleichheit und Unterst\u00fctzung inklusiver Bildung. Es ist wichtig, interkulturelle Dialoge zu f\u00fchren, um Vorurteile abzubauen, sowie gezielte politische Initiativen&#8230;<\/p>\n","protected":false},"author":1,"featured_media":1223,"parent":0,"menu_order":0,"comment_status":"closed","ping_status":"closed","template":"","meta":{"_kadence_starter_templates_imported_post":true,"_kad_post_transparent":"","_kad_post_title":"","_kad_post_layout":"","_kad_post_sidebar_id":"","_kad_post_content_style":"","_kad_post_vertical_padding":"","_kad_post_feature":"","_kad_post_feature_position":"","_kad_post_header":false,"_kad_post_footer":false,"footnotes":""},"class_list":["post-7","page","type-page","status-publish","has-post-thumbnail","hentry"],"_links":{"self":[{"href":"https:\/\/nemis-ms.de\/index.php\/wp-json\/wp\/v2\/pages\/7","targetHints":{"allow":["GET"]}}],"collection":[{"href":"https:\/\/nemis-ms.de\/index.php\/wp-json\/wp\/v2\/pages"}],"about":[{"href":"https:\/\/nemis-ms.de\/index.php\/wp-json\/wp\/v2\/types\/page"}],"author":[{"embeddable":true,"href":"https:\/\/nemis-ms.de\/index.php\/wp-json\/wp\/v2\/users\/1"}],"replies":[{"embeddable":true,"href":"https:\/\/nemis-ms.de\/index.php\/wp-json\/wp\/v2\/comments?post=7"}],"version-history":[{"count":28,"href":"https:\/\/nemis-ms.de\/index.php\/wp-json\/wp\/v2\/pages\/7\/revisions"}],"predecessor-version":[{"id":1509,"href":"https:\/\/nemis-ms.de\/index.php\/wp-json\/wp\/v2\/pages\/7\/revisions\/1509"}],"wp:featuredmedia":[{"embeddable":true,"href":"https:\/\/nemis-ms.de\/index.php\/wp-json\/wp\/v2\/media\/1223"}],"wp:attachment":[{"href":"https:\/\/nemis-ms.de\/index.php\/wp-json\/wp\/v2\/media?parent=7"}],"curies":[{"name":"wp","href":"https:\/\/api.w.org\/{rel}","templated":true}]}}